{"id":318,"date":"2025-04-22T13:50:52","date_gmt":"2025-04-22T13:50:52","guid":{"rendered":"https:\/\/picknick3000.de\/?page_id=318"},"modified":"2025-11-28T11:53:35","modified_gmt":"2025-11-28T11:53:35","slug":"picknick-3000","status":"publish","type":"page","link":"https:\/\/picknick3000.de\/","title":{"rendered":"Picknick 3000"},"content":{"rendered":"<p>[et_pb_section fb_built=&#8220;1&#8243; admin_label=&#8220;Header&#8220; _builder_version=&#8220;4.27.4&#8243; _module_preset=&#8220;default&#8220; background_color=&#8220;#1e90ff&#8220; background_image=&#8220;https:\/\/picknick3000.de\/wp-content\/uploads\/2024\/06\/8.jpg&#8220; custom_margin=&#8220;-14px|||||&#8220; background_last_edited=&#8220;on|desktop&#8220; parallax_tablet=&#8220;on&#8220; parallax_phone=&#8220;on&#8220; border_width_all=&#8220;5px&#8220; border_color_all=&#8220;#40e0d0&#8243; border_width_top=&#8220;20px&#8220; locked=&#8220;off&#8220; collapsed=&#8220;off&#8220; global_colors_info=&#8220;{%22gcid-36fd78a7-34bc-404d-873c-dafa34efaae5%22:%91%22colorEnd%22%93,%22#003566%22:%91%22background_color%22%93}&#8220;][et_pb_row _builder_version=&#8220;4.27.4&#8243; _module_preset=&#8220;5138c454-be54-4233-bd3b-f8e6a8747976&#8243; background_color=&#8220;#ff69b4&#8243; custom_margin=&#8220;70px||70px||false|false&#8220; custom_padding=&#8220;42px||30px|||&#8220; global_colors_info=&#8220;{}&#8220;][et_pb_column type=&#8220;4_4&#8243; _builder_version=&#8220;4.16&#8243; _module_preset=&#8220;73121f80-a3ef-4484-8763-c3f18e3c56d2&#8243; global_colors_info=&#8220;{}&#8220;][et_pb_image src=&#8220;https:\/\/picknick3000.de\/wp-content\/uploads\/2024\/06\/PICKNICK-3000.png&#8220; title_text=&#8220;PICKNICK 3000&#8243; align=&#8220;center&#8220; _builder_version=&#8220;4.25.2&#8243; _module_preset=&#8220;default&#8220; width=&#8220;69%&#8220; global_colors_info=&#8220;{}&#8220;][\/et_pb_image][\/et_pb_column][\/et_pb_row][\/et_pb_section][et_pb_section fb_built=&#8220;1&#8243; disabled_on=&#8220;off|off|off&#8220; admin_label=&#8220;Datum&#8220; _builder_version=&#8220;4.27.4&#8243; _module_preset=&#8220;default&#8220; background_color=&#8220;#ff69b4&#8243; custom_padding=&#8220;26px||19px|||&#8220; hover_enabled=&#8220;0&#8243; locked=&#8220;off&#8220; collapsed=&#8220;on&#8220; global_colors_info=&#8220;{}&#8220; sticky_enabled=&#8220;0&#8243;][et_pb_row _builder_version=&#8220;4.27.4&#8243; _module_preset=&#8220;default&#8220;][et_pb_column _builder_version=&#8220;4.27.4&#8243; _module_preset=&#8220;default&#8220; type=&#8220;4_4&#8243;][et_pb_text _builder_version=&#8220;4.27.4&#8243; _module_preset=&#8220;default&#8220; header_2_line_height=&#8220;1.5em&#8220; header_2_text_color=&#8220;#40e0d0&#8243; header_2_font=&#8220;|700|||||||&#8220; hover_enabled=&#8220;0&#8243; sticky_enabled=&#8220;0&#8243;]<\/p>\n<h2 style=\"text-align: center;\">Picknick 3000 ist ein herrlicher Sommertag am Rhein<br \/>mit Freundinnen und Freundesfreunden.<\/h2>\n<p>[\/et_pb_text][et_pb_text _builder_version=&#8220;4.27.4&#8243; _module_preset=&#8220;default&#8220; hover_enabled=&#8220;0&#8243; sticky_enabled=&#8220;0&#8243; header_2_text_color=&#8220;#40e0d0&#8243; header_2_line_height=&#8220;1.5em&#8220;]<\/p>\n<h2 style=\"text-align: center;\">Termine f\u00fcr 2026 gibt es noch nicht.<br \/>Abboniere jetzt den Newsletter und bleib auf dem Laufenden.<\/h2>\n<p>[\/et_pb_text][\/et_pb_column][\/et_pb_row][\/et_pb_section][et_pb_section fb_built=&#8220;1&#8243; admin_label=&#8220;Newsletter&#8220; _builder_version=&#8220;4.27.4&#8243; _module_preset=&#8220;default&#8220; background_color=&#8220;#40e0d0&#8243; min_height=&#8220;502.2px&#8220; custom_padding=&#8220;14px|||||&#8220; locked=&#8220;off&#8220; collapsed=&#8220;off&#8220; global_colors_info=&#8220;{}&#8220;][et_pb_row make_equal=&#8220;on&#8220; custom_padding_last_edited=&#8220;on|desktop&#8220; _builder_version=&#8220;4.27.4&#8243; _module_preset=&#8220;333b8a65-5730-490d-b80e-51611171c668&#8243; background_color=&#8220;#ff69b4&#8243; custom_padding=&#8220;60px|60px|60px|60px|true|true&#8220; custom_padding_tablet=&#8220;30px|30px|30px|30px|true|true&#8220; custom_padding_phone=&#8220;20px|20px|20px|20px|true|true&#8220; global_colors_info=&#8220;{}&#8220;][et_pb_column type=&#8220;4_4&#8243; _builder_version=&#8220;4.16&#8243; _module_preset=&#8220;73121f80-a3ef-4484-8763-c3f18e3c56d2&#8243; global_colors_info=&#8220;{}&#8220;][et_pb_heading title=&#8220;Newsletter&#8220; _builder_version=&#8220;4.27.4&#8243; _module_preset=&#8220;c33f07d9-41e0-421a-8799-5799df695cce&#8220; title_level=&#8220;h2&#8243; title_font=&#8220;Proza Libre|500|||||||&#8220; title_text_align=&#8220;center&#8220; title_text_color=&#8220;#40e0d0&#8243; title_font_size=&#8220;40px&#8220; title_line_height=&#8220;1.2em&#8220; background_color=&#8220;RGBA(255,255,255,0)&#8220; custom_margin=&#8220;||10px||false|false&#8220; hover_enabled=&#8220;0&#8243; title_font_size_tablet=&#8220;28px&#8220; title_font_size_phone=&#8220;27px&#8220; title_font_size_last_edited=&#8220;on|phone&#8220; locked=&#8220;off&#8220; global_colors_info=&#8220;{}&#8220; sticky_enabled=&#8220;0&#8243;][\/et_pb_heading][et_pb_signup provider=&#8220;mailpoet&#8220; mailpoet_list=&#8220;info@picknick3000de|3&#8243; layout=&#8220;top_bottom&#8220; name_field=&#8220;on&#8220; success_message=&#8220;Das hat geklappt. \ud83d\udc4d Du erh\u00e4ltst in K\u00fcrze eine Mail zur Best\u00e4tigung deiner Anmeldung.&#8220; description=&#8220;<\/p>\n<h4 class=%22et_pb_module_header%22>Alle Infos &#038; Updates, direkt in dein Postfach.<br \/>Zack, zack, eintragen!<\/h4>\n<p>&#8220; title_last_edited=&#8220;off|desktop&#8220; description_tablet=&#8220;<\/p>\n<h4 class=%22et_pb_module_header%22>Die wichtigsten Infos, zur richtigen Zeit, direkt ins Postfach.<br \/>Zack, zack, eintragen!<\/h4>\n<p>&#8220; description_phone=&#8220;<\/p>\n<h4 class=%22et_pb_module_header%22>Alle Infos &#038; Updates,<br \/>direkt in dein Postfach.<\/h4>\n<h4 class=%22et_pb_module_header%22>Zack, zack, eintragen!<\/h4>\n<p>&#8220; description_last_edited=&#8220;on|phone&#8220; disabled_on=&#8220;off|off|off&#8220; _builder_version=&#8220;4.27.4&#8243; _module_preset=&#8220;9eb953e9-ab90-4e8c-b6ac-9daa4b421b28&#8243; form_field_background_color=&#8220;RGBA(255,255,255,0)&#8220; form_field_text_color=&#8220;#40e0d0&#8243; form_field_focus_text_color=&#8220;#FFFFFF&#8220; form_field_custom_padding=&#8220;18px||18px||true|false&#8220; header_level=&#8220;h4&#8243; header_font=&#8220;Proza Libre||||||||&#8220; header_text_color=&#8220;#40e0d0&#8243; header_font_size=&#8220;20px&#8220; header_line_height=&#8220;1.5em&#8220; body_font=&#8220;Proza Libre||||||||&#8220; body_text_color=&#8220;#000000&#8243; body_font_size=&#8220;16px&#8220; body_line_height=&#8220;1.75em&#8220; result_message_font=&#8220;Proza Libre||||||||&#8220; result_message_text_color=&#8220;#40e0d0&#8243; result_message_font_size=&#8220;20px&#8220; result_message_line_height=&#8220;1.2em&#8220; form_field_font=&#8220;Proza Libre|Proza Libre_weight|||||||&#8220; form_field_font_size=&#8220;14px&#8220; body_link_text_color=&#8220;#FFFFFF&#8220; use_background_color=&#8220;off&#8220; custom_button=&#8220;on&#8220; button_text_size=&#8220;17px&#8220; button_text_color=&#8220;#40e0d0&#8243; button_bg_color=&#8220;#FFFFFF&#8220; button_border_width=&#8220;0px&#8220; button_border_radius=&#8220;0px&#8220; button_font=&#8220;Proza Libre|700|||||||&#8220; button_custom_margin=&#8220;||||false|false&#8220; text_orientation=&#8220;center&#8220; width=&#8220;70%&#8220; module_alignment=&#8220;center&#8220; header_font_size_tablet=&#8220;22px&#8220; header_font_size_phone=&#8220;17px&#8220; header_font_size_last_edited=&#8220;on|tablet&#8220; body_font_size_tablet=&#8220;15px&#8220; body_font_size_phone=&#8220;14px&#8220; body_font_size_last_edited=&#8220;on|tablet&#8220; border_radii_fields=&#8220;on|0px|0px|0px|0px&#8220; border_width_all_fields=&#8220;2px&#8220; border_color_all_fields=&#8220;#ffffff&#8220; locked=&#8220;off&#8220; global_colors_info=&#8220;{%22gcid-36fd78a7-34bc-404d-873c-dafa34efaae5%22:%91%22icon_color%22,%22background_color%22%93}&#8220;][\/et_pb_signup][\/et_pb_column][\/et_pb_row][\/et_pb_section][et_pb_section fb_built=&#8220;1&#8243; disabled_on=&#8220;on|on|off&#8220; admin_label=&#8220;Datum&#8220; _builder_version=&#8220;4.27.4&#8243; _module_preset=&#8220;default&#8220; background_color=&#8220;#ff69b4&#8243; custom_padding=&#8220;26px||19px|||&#8220; locked=&#8220;off&#8220; collapsed=&#8220;on&#8220; global_colors_info=&#8220;{}&#8220;][\/et_pb_section][et_pb_section fb_built=&#8220;1&#8243; disabled_on=&#8220;off|off|on&#8220; admin_label=&#8220;Datum&#8220; _builder_version=&#8220;4.27.4&#8243; _module_preset=&#8220;default&#8220; background_color=&#8220;#ff69b4&#8243; custom_padding=&#8220;26px||19px|||&#8220; locked=&#8220;off&#8220; collapsed=&#8220;on&#8220; global_colors_info=&#8220;{}&#8220;][\/et_pb_section][et_pb_section fb_built=&#8220;1&#8243; admin_label=&#8220;Footer&#8220; _builder_version=&#8220;4.25.2&#8243; _module_preset=&#8220;default&#8220; background_color=&#8220;#40e0d0&#8243; custom_padding=&#8220;0px||0px||false|false&#8220; locked=&#8220;off&#8220; collapsed=&#8220;on&#8220; global_colors_info=&#8220;{}&#8220;][et_pb_row _builder_version=&#8220;4.27.4&#8243; _module_preset=&#8220;default&#8220; global_colors_info=&#8220;{}&#8220;][et_pb_column type=&#8220;4_4&#8243; _builder_version=&#8220;4.27.4&#8243; _module_preset=&#8220;default&#8220; global_colors_info=&#8220;{}&#8220;][et_pb_text _builder_version=&#8220;4.27.4&#8243; _module_preset=&#8220;default&#8220; text_text_color=&#8220;#ed72b2&#8243; text_font_size=&#8220;39px&#8220; global_colors_info=&#8220;{}&#8220;]<\/p>\n<p style=\"text-align: center;\">FAQ<\/p>\n<p>[\/et_pb_text][et_pb_accordion open_toggle_text_color=&#8220;#ed72b2&#8243; _builder_version=&#8220;4.27.4&#8243; _module_preset=&#8220;default&#8220; toggle_text_color=&#8220;#ed72b2&#8243; toggle_font_size=&#8220;21px&#8220; hover_enabled=&#8220;0&#8243; global_colors_info=&#8220;{}&#8220; sticky_enabled=&#8220;0&#8243;][et_pb_accordion_item title=&#8220;Was erwartet mich?&#8220; open=&#8220;off&#8220; open_toggle_text_color=&#8220;#74ddd0&#8243; _builder_version=&#8220;4.27.4&#8243; _module_preset=&#8220;default&#8220; body_text_color=&#8220;#74ddd0&#8243; background_color=&#8220;#ed72b2&#8243; background_enable_color=&#8220;on&#8220; hover_enabled=&#8220;0&#8243; global_colors_info=&#8220;{}&#8220; toggle_text_color=&#8220;#74ddd0&#8243; toggle_font=&#8220;|700|||||||&#8220; text_shadow_style=&#8220;preset1&#8243; sticky_enabled=&#8220;0&#8243;]<\/p>\n<p>Das Picknick 3000 ist einer der Tage, an denen das Handy im besten Fall selten klingelt, weil eh alle vor Ort sind. Im Freien, bei bestem Wetter, feiern wir eine Mischung aus freudigem Wiedersehen und aufgeschlossenem Kennenlernen. Alle bringen mit, woran sie Spa\u00df haben und gemeinsam wird feuchtfr\u00f6hlich der Tag langgezogen.<\/p>\n<p>[\/et_pb_accordion_item][et_pb_accordion_item title=&#8220;Wann wird das Datum bekanntgegeben?&#8220; open_toggle_text_color=&#8220;#74ddd0&#8243; _builder_version=&#8220;4.27.4&#8243; _module_preset=&#8220;default&#8220; body_text_color=&#8220;#74ddd0&#8243; background_color=&#8220;#ed72b2&#8243; background_enable_color=&#8220;on&#8220; hover_enabled=&#8220;0&#8243; global_colors_info=&#8220;{}&#8220; toggle_text_color=&#8220;#74ddd0&#8243; toggle_font=&#8220;|700|||||||&#8220; open=&#8220;on&#8220; sticky_enabled=&#8220;0&#8243; text_shadow_style=&#8220;preset1&#8243;]<\/p>\n<p style=\"text-align: left;\">Im Fr\u00fchjahr 2026 werden zwei Termine an zwei aufeinanderfolgenden Wochenenden festgelegt.<\/p>\n<p style=\"text-align: left;\">Ab dann entscheidet das Wetter \u2013 der erste Termin mit garantiertem Sonnenschein gewinnt.<\/p>\n<p style=\"text-align: left;\">Melde dich zum Newsletter an und du erf\u00e4hrst die Termine fr\u00fchzeitig. Im besten Fall blockst du dann einfach beide Wochenenden.<\/p>\n<p>[\/et_pb_accordion_item][et_pb_accordion_item title=&#8220;Wo muss ich hin?&#8220; open_toggle_text_color=&#8220;#74ddd0&#8243; _builder_version=&#8220;4.27.4&#8243; _module_preset=&#8220;default&#8220; body_text_color=&#8220;#74ddd0&#8243; background_color=&#8220;#ed72b2&#8243; background_enable_color=&#8220;on&#8220; hover_enabled=&#8220;0&#8243; global_colors_info=&#8220;{}&#8220; toggle_text_color=&#8220;#74ddd0&#8243; toggle_font=&#8220;|700|||||||&#8220; open=&#8220;off&#8220; text_shadow_style=&#8220;preset1&#8243; sticky_enabled=&#8220;0&#8243;]<\/p>\n<p>Am Fallhammer 25<br \/>40221 D\u00fcsseldorf<\/p>\n<p><a href=\"https:\/\/www.google.de\/maps\/place\/51\u00b013'13.0%22N+6\u00b043'39.5%22E\/@51.220286,6.727638,17z\/data=!3m1!4b1!4m4!3m3!8m2!3d51.220286!4d6.727638?entry=ttu&amp;g_ep=EgoyMDI1MDYyMy4yIKXMDSoASAFQAw%3D%3D\">Google-Maps-Link<\/a><\/p>\n<p>[\/et_pb_accordion_item][et_pb_accordion_item title=&#8220;Wann geht es los?&#8220; open_toggle_text_color=&#8220;#74ddd0&#8243; _builder_version=&#8220;4.27.4&#8243; _module_preset=&#8220;default&#8220; body_text_color=&#8220;#74ddd0&#8243; background_color=&#8220;#ed72b2&#8243; background_enable_color=&#8220;on&#8220; hover_enabled=&#8220;0&#8243; global_colors_info=&#8220;{}&#8220; toggle_text_color=&#8220;#74ddd0&#8243; toggle_font=&#8220;|700|||||||&#8220; open=&#8220;off&#8220; text_shadow_style=&#8220;preset1&#8243; sticky_enabled=&#8220;0&#8243;]<\/p>\n<p>13 Uhr<\/p>\n<p>Wer vorher kommen m\u00f6chte, ist herzlich willkommen uns beim Aufbau zu helfen.<\/p>\n<p>[\/et_pb_accordion_item][et_pb_accordion_item title=&#8220;Kann ich jemanden mitbringen?&#8220; open_toggle_text_color=&#8220;#74ddd0&#8243; _builder_version=&#8220;4.27.4&#8243; _module_preset=&#8220;default&#8220; body_text_color=&#8220;#74ddd0&#8243; background_color=&#8220;#ed72b2&#8243; background_enable_color=&#8220;on&#8220; hover_enabled=&#8220;0&#8243; global_colors_info=&#8220;{}&#8220; toggle_text_color=&#8220;#74ddd0&#8243; toggle_font=&#8220;|700|||||||&#8220; open=&#8220;off&#8220; text_shadow_style=&#8220;preset1&#8243; sticky_enabled=&#8220;0&#8243;]<\/p>\n<p>Ja, gerne!<\/p>\n<p>[\/et_pb_accordion_item][et_pb_accordion_item title=&#8220;Was ist mit Trinken?&#8220; open_toggle_text_color=&#8220;#74ddd0&#8243; _builder_version=&#8220;4.27.4&#8243; _module_preset=&#8220;default&#8220; body_text_color=&#8220;#74ddd0&#8243; background_color=&#8220;#ed72b2&#8243; background_enable_color=&#8220;on&#8220; hover_enabled=&#8220;0&#8243; global_colors_info=&#8220;{}&#8220; toggle_text_color=&#8220;#74ddd0&#8243; toggle_font=&#8220;|700|||||||&#8220; open=&#8220;off&#8220; text_shadow_style=&#8220;preset1&#8243; sticky_enabled=&#8220;0&#8243;]<\/p>\n<p>Bringt jeder sich selber mit.<br \/>Wir sorgen f\u00fcr K\u00fchlm\u00f6glichkeiten.<\/p>\n<p>[\/et_pb_accordion_item][et_pb_accordion_item title=&#8220;Was ist mit Essen?&#8220; open_toggle_text_color=&#8220;#74ddd0&#8243; _builder_version=&#8220;4.27.4&#8243; _module_preset=&#8220;default&#8220; body_text_color=&#8220;#74ddd0&#8243; background_color=&#8220;#ed72b2&#8243; background_enable_color=&#8220;on&#8220; hover_enabled=&#8220;0&#8243; global_colors_info=&#8220;{}&#8220; toggle_text_color=&#8220;#74ddd0&#8243; toggle_font=&#8220;|700|||||||&#8220; open=&#8220;off&#8220; text_shadow_style=&#8220;preset1&#8243; sticky_enabled=&#8220;0&#8243;]<\/p>\n<p>Wir bringen zwei Grills und Kohle mit. Um den Rest k\u00fcmmert sich jeder selber.<span class=\"Apple-converted-space\"> Salate und Co. werden gerne auch geteilt.<\/span><\/p>\n<p>[\/et_pb_accordion_item][et_pb_accordion_item title=&#8220;Gibt es dort Toiletten?&#8220; open_toggle_text_color=&#8220;#74ddd0&#8243; _builder_version=&#8220;4.27.4&#8243; _module_preset=&#8220;default&#8220; body_text_color=&#8220;#74ddd0&#8243; background_color=&#8220;#ed72b2&#8243; background_enable_color=&#8220;on&#8220; hover_enabled=&#8220;0&#8243; global_colors_info=&#8220;{}&#8220; toggle_text_color=&#8220;#74ddd0&#8243; toggle_font=&#8220;|700|||||||&#8220; open=&#8220;off&#8220; text_shadow_style=&#8220;preset1&#8243; sticky_enabled=&#8220;0&#8243;]<\/p>\n<p>Ja \u2013 wird werden eine provisorischen L\u00f6sung mit gen\u00fcgend Privatsph\u00e4re f\u00fcr euch realisieren.<\/p>\n<p>[\/et_pb_accordion_item][et_pb_accordion_item title=&#8220;Kann ich noch etwas mitbringen?&#8220; open_toggle_text_color=&#8220;#74ddd0&#8243; _builder_version=&#8220;4.27.4&#8243; _module_preset=&#8220;default&#8220; body_text_color=&#8220;#74ddd0&#8243; background_color=&#8220;#ed72b2&#8243; background_enable_color=&#8220;on&#8220; hover_enabled=&#8220;0&#8243; global_colors_info=&#8220;{}&#8220; toggle_text_color=&#8220;#74ddd0&#8243; toggle_font=&#8220;|700|||||||&#8220; open=&#8220;off&#8220; text_shadow_style=&#8220;preset1&#8243; sticky_enabled=&#8220;0&#8243;]<\/p>\n<p>Spiele!<br \/>Und wenn du bis zur D\u00e4mmerung bleibst, denk an M\u00fcckenschutz. \ud83e\udd9f<\/p>\n<p>[\/et_pb_accordion_item][et_pb_accordion_item title=&#8220;Kann ich irgendwie helfen?&#8220; open_toggle_text_color=&#8220;#74ddd0&#8243; _builder_version=&#8220;4.27.4&#8243; _module_preset=&#8220;default&#8220; body_text_color=&#8220;#74ddd0&#8243; background_color=&#8220;#ed72b2&#8243; background_enable_color=&#8220;on&#8220; hover_enabled=&#8220;0&#8243; global_colors_info=&#8220;{}&#8220; toggle_text_color=&#8220;#74ddd0&#8243; toggle_font=&#8220;|700|||||||&#8220; open=&#8220;off&#8220; text_shadow_style=&#8220;preset1&#8243; sticky_enabled=&#8220;0&#8243;]<\/p>\n<p>Sehr gerne!<br \/>Helfende H\u00e4nde k\u00f6nnen Samstag fr\u00fch (so ab 11 Uhr) zum Aufbau und Sonntag mittags (so ab 12 Uhr) zum Abbau gebraucht werden. Melde dich gerne bei Richard oder Martin f\u00fcr Details.<\/p>\n<p>[\/et_pb_accordion_item][et_pb_accordion_item title=&#8220;Kann ich dort \u00fcbernachten?&#8220; open_toggle_text_color=&#8220;#74ddd0&#8243; _builder_version=&#8220;4.27.4&#8243; _module_preset=&#8220;default&#8220; body_text_color=&#8220;#74ddd0&#8243; background_color=&#8220;#ed72b2&#8243; background_enable_color=&#8220;on&#8220; hover_enabled=&#8220;0&#8243; global_colors_info=&#8220;{}&#8220; toggle_text_color=&#8220;#74ddd0&#8243; toggle_font=&#8220;|700|||||||&#8220; open=&#8220;off&#8220; text_shadow_style=&#8220;preset1&#8243; sticky_enabled=&#8220;0&#8243;]<\/p>\n<p>Wir werden dort in H\u00e4ngematten und auf Luftmatratzen pennen, um nachts nicht abbauen zu m\u00fcssen. Leg dich gerne dazu.<\/p>\n<p>[\/et_pb_accordion_item][et_pb_accordion_item title=&#8220;Kann ich in der N\u00e4he einkaufen?&#8220; open_toggle_text_color=&#8220;#74ddd0&#8243; _builder_version=&#8220;4.27.4&#8243; _module_preset=&#8220;default&#8220; body_text_color=&#8220;#74ddd0&#8243; background_color=&#8220;#ed72b2&#8243; background_enable_color=&#8220;on&#8220; hover_enabled=&#8220;0&#8243; global_colors_info=&#8220;{}&#8220; toggle_text_color=&#8220;#74ddd0&#8243; toggle_font=&#8220;|700|||||||&#8220; open=&#8220;off&#8220; text_shadow_style=&#8220;preset1&#8243; sticky_enabled=&#8220;0&#8243;]<\/p>\n<p>Nein \u2013 der n\u00e4chste Kiosk ist im d\u00fcsseldorfer Hafen. Bring lieber genug von allem mit.<\/p>\n<p>[\/et_pb_accordion_item][et_pb_accordion_item title=&#8220;Wie h\u00e4ufig kommen Updates auf dieser Seite?&#8220; open_toggle_text_color=&#8220;#74ddd0&#8243; _builder_version=&#8220;4.27.4&#8243; _module_preset=&#8220;default&#8220; body_text_color=&#8220;#74ddd0&#8243; background_color=&#8220;#ed72b2&#8243; background_enable_color=&#8220;on&#8220; hover_enabled=&#8220;0&#8243; global_colors_info=&#8220;{}&#8220; toggle_text_color=&#8220;#74ddd0&#8243; toggle_font=&#8220;|700|||||||&#8220; open=&#8220;off&#8220; text_shadow_style=&#8220;preset1&#8243; sticky_enabled=&#8220;0&#8243;]<\/p>\n<p>Keine Ahnung. Unregelm\u00e4\u00dfig. Abboniere den Newsletter, dann verpasst du nix. \ud83d\udc47<\/p>\n<p>[\/et_pb_accordion_item][\/et_pb_accordion][\/et_pb_column][\/et_pb_row][\/et_pb_section]<\/p>\n","protected":false},"excerpt":{"rendered":"<p>Picknick 3000 ist ein herrlicher Sommertag am Rheinmit Freundinnen und Freundesfreunden.Termine f\u00fcr 2026 gibt es noch nicht.Abboniere jetzt den Newsletter und bleib auf dem Laufenden.FAQDas Picknick 3000 ist einer der Tage, an denen das Handy im besten Fall selten klingelt, weil eh alle vor Ort sind. Im Freien, bei bestem Wetter, feiern wir eine Mischung [&hellip;]<\/p>\n","protected":false},"author":1,"featured_media":0,"parent":0,"menu_order":0,"comment_status":"closed","ping_status":"closed","template":"page-template-blank.php","meta":{"_et_pb_use_builder":"on","_et_pb_old_content":"","_et_gb_content_width":"","footnotes":""},"class_list":["post-318","page","type-page","status-publish","hentry"],"_links":{"self":[{"href":"https:\/\/picknick3000.de\/index.php?rest_route=\/wp\/v2\/pages\/318","targetHints":{"allow":["GET"]}}],"collection":[{"href":"https:\/\/picknick3000.de\/index.php?rest_route=\/wp\/v2\/pages"}],"about":[{"href":"https:\/\/picknick3000.de\/index.php?rest_route=\/wp\/v2\/types\/page"}],"author":[{"embeddable":true,"href":"https:\/\/picknick3000.de\/index.php?rest_route=\/wp\/v2\/users\/1"}],"replies":[{"embeddable":true,"href":"https:\/\/picknick3000.de\/index.php?rest_route=%2Fwp%2Fv2%2Fcomments&post=318"}],"version-history":[{"count":57,"href":"https:\/\/picknick3000.de\/index.php?rest_route=\/wp\/v2\/pages\/318\/revisions"}],"predecessor-version":[{"id":444,"href":"https:\/\/picknick3000.de\/index.php?rest_route=\/wp\/v2\/pages\/318\/revisions\/444"}],"wp:attachment":[{"href":"https:\/\/picknick3000.de\/index.php?rest_route=%2Fwp%2Fv2%2Fmedia&parent=318"}],"curies":[{"name":"wp","href":"https:\/\/api.w.org\/{rel}","templated":true}]}}